{"id":4430,"date":"2017-09-26T13:43:47","date_gmt":"2017-09-26T11:43:47","guid":{"rendered":"https:\/\/estudiblanc.net\/?post_type=avada_portfolio&#038;p=4430"},"modified":"2025-07-10T12:34:40","modified_gmt":"2025-07-10T10:34:40","slug":"museo-de-la-torneria-de-torello","status":"publish","type":"avada_portfolio","link":"https:\/\/estudiblanc.net\/es\/proyecto\/museo-de-la-torneria-de-torello\/","title":{"rendered":"Museo de la torner\u00eda de Torell\u00f3"},"content":{"rendered":"<div class=\"fusion-fullwidth fullwidth-box fusion-builder-row-1 fusion-flex-container has-pattern-background has-mask-background nonhundred-percent-fullwidth non-hundred-percent-height-scrolling\" style=\"--awb-border-radius-top-left:0px;--awb-border-radius-top-right:0px;--awb-border-radius-bottom-right:0px;--awb-border-radius-bottom-left:0px;--awb-padding-right:0px;--awb-padding-left:0px;--awb-flex-wrap:wrap;\" ><div class=\"fusion-builder-row fusion-row fusion-flex-align-items-flex-start fusion-flex-content-wrap\" style=\"max-width:1331.2px;margin-left: calc(-4% \/ 2 );margin-right: calc(-4% \/ 2 );\"><div class=\"fusion-layout-column fusion_builder_column fusion-builder-column-0 fusion_builder_column_1_1 1_1 fusion-flex-column\" style=\"--awb-bg-size:cover;--awb-width-large:100%;--awb-margin-top-large:0px;--awb-spacing-right-large:1.92%;--awb-margin-bottom-large:20px;--awb-spacing-left-large:1.92%;--awb-width-medium:100%;--awb-order-medium:0;--awb-spacing-right-medium:1.92%;--awb-spacing-left-medium:1.92%;--awb-width-small:100%;--awb-order-small:0;--awb-spacing-right-small:1.92%;--awb-spacing-left-small:1.92%;\"><div class=\"fusion-column-wrapper fusion-column-has-shadow fusion-flex-justify-content-flex-start fusion-content-layout-column\"><div class=\"fusion-text fusion-text-1\"><p>Proyecto de musealizaci\u00f3n, dise\u00f1o y producci\u00f3n del nuevo equipamiento cultural y tur\u00edstico situado en la comarca de Osona.<\/p>\n<p>El Museo de la Torner\u00eda de Torell\u00f3 reivindica la importancia y el alcance del oficio de la torner\u00eda en el pasado, presente y futuro del territorio.<\/p>\n<\/div><div class=\"fusion-text fusion-text-2\"><p><strong>Cliente:<\/strong> Ayuntamiento de Torell\u00f3<\/p>\n<p><strong>Categor\u00eda:<\/strong> Museograf\u00eda y exposiciones<\/p>\n<\/div><\/div><\/div><\/div><\/div>\n","protected":false},"excerpt":{"rendered":"","protected":false},"author":1,"featured_media":4313,"menu_order":0,"comment_status":"closed","ping_status":"closed","template":"","format":"standard","meta":{"footnotes":""},"portfolio_category":[17],"portfolio_skills":[],"portfolio_tags":[],"class_list":["post-4430","avada_portfolio","type-avada_portfolio","status-publish","format-standard","has-post-thumbnail","hentry","portfolio_category-museografia-y-exposiciones"],"aioseo_notices":[],"_links":{"self":[{"href":"https:\/\/estudiblanc.net\/es\/wp-json\/wp\/v2\/avada_portfolio\/4430","targetHints":{"allow":["GET"]}}],"collection":[{"href":"https:\/\/estudiblanc.net\/es\/wp-json\/wp\/v2\/avada_portfolio"}],"about":[{"href":"https:\/\/estudiblanc.net\/es\/wp-json\/wp\/v2\/types\/avada_portfolio"}],"author":[{"embeddable":true,"href":"https:\/\/estudiblanc.net\/es\/wp-json\/wp\/v2\/users\/1"}],"replies":[{"embeddable":true,"href":"https:\/\/estudiblanc.net\/es\/wp-json\/wp\/v2\/comments?post=4430"}],"version-history":[{"count":2,"href":"https:\/\/estudiblanc.net\/es\/wp-json\/wp\/v2\/avada_portfolio\/4430\/revisions"}],"predecessor-version":[{"id":4432,"href":"https:\/\/estudiblanc.net\/es\/wp-json\/wp\/v2\/avada_portfolio\/4430\/revisions\/4432"}],"wp:featuredmedia":[{"embeddable":true,"href":"https:\/\/estudiblanc.net\/es\/wp-json\/wp\/v2\/media\/4313"}],"wp:attachment":[{"href":"https:\/\/estudiblanc.net\/es\/wp-json\/wp\/v2\/media?parent=4430"}],"wp:term":[{"taxonomy":"portfolio_category","embeddable":true,"href":"https:\/\/estudiblanc.net\/es\/wp-json\/wp\/v2\/portfolio_category?post=4430"},{"taxonomy":"portfolio_skills","embeddable":true,"href":"https:\/\/estudiblanc.net\/es\/wp-json\/wp\/v2\/portfolio_skills?post=4430"},{"taxonomy":"portfolio_tags","embeddable":true,"href":"https:\/\/estudiblanc.net\/es\/wp-json\/wp\/v2\/portfolio_tags?post=4430"}],"curies":[{"name":"wp","href":"https:\/\/api.w.org\/{rel}","templated":true}]}}

Museo de la tornería de Torelló

<div class="fusion-fullwidth fullwidth-box fusion-builder-row-1 fusion-flex-container has-pattern-background has-mask-background nonhundred-percent-fullwidth non-hundred-percent-height-scrolling" style="--awb-border-radius-top-left:0px;--awb-border-radius-top-right:0px;--awb-border-radius-bottom-right:0px;--awb-border-radius-bottom-left:0px;--awb-padding-right:0px;--awb-padding-left:0px;--awb-flex-wrap:wrap;" ><div class="fusion-builder-row fusion-row fusion-flex-align-items-flex-start fusion-flex-content-wrap" style="max-width:1331.2px;margin-left: calc(-4% / 2 );margin-right: calc(-4% / 2 );"><div class="fusion-layout-column fusion_builder_column fusion-builder-column-0 fusion_builder_column_1_1 1_1 fusion-flex-column" style="--awb-bg-size:cover;--awb-width-large:100%;--awb-margin-top-large:0px;--awb-spacing-right-large:1.92%;--awb-margin-bottom-large:20px;--awb-spacing-left-large:1.92%;--awb-width-medium:100%;--awb-order-medium:0;--awb-spacing-right-medium:1.92%;--awb-spacing-left-medium:1.92%;--awb-width-small:100%;--awb-order-small:0;--awb-spacing-right-small:1.92%;--awb-spacing-left-small:1.92%;"><div class="fusion-column-wrapper fusion-column-has-shadow fusion-flex-justify-content-flex-start fusion-content-layout-column"><div class="fusion-text fusion-text-1"><p>Proyecto de musealización, diseño y producción del nuevo equipamiento cultural y turístico situado en la comarca de Osona.</p>
<p>El Museo de la Tornería de Torelló reivindica la importancia y el alcance del oficio de la tornería en el pasado, presente y futuro del territorio.</p>
</div><div class="fusion-text fusion-text-2"><p><strong>Cliente:</strong> Ayuntamiento de Torelló</p>
<p><strong>Categoría:</strong> Museografía y exposiciones</p>
</div></div></div></div></div>
