{"id":4477,"date":"2020-09-18T20:19:46","date_gmt":"2020-09-18T18:19:46","guid":{"rendered":"https:\/\/estudiblanc.net\/?post_type=avada_portfolio&#038;p=4477"},"modified":"2025-07-11T18:55:26","modified_gmt":"2025-07-11T16:55:26","slug":"el-romanico-del-tiempo-de-oliba","status":"publish","type":"avada_portfolio","link":"https:\/\/estudiblanc.net\/es\/proyecto\/el-romanico-del-tiempo-de-oliba\/","title":{"rendered":"El rom\u00e1nico del tiempo de Oliba"},"content":{"rendered":"<div class=\"fusion-fullwidth fullwidth-box fusion-builder-row-1 fusion-flex-container has-pattern-background has-mask-background nonhundred-percent-fullwidth non-hundred-percent-height-scrolling\" style=\"--awb-border-radius-top-left:0px;--awb-border-radius-top-right:0px;--awb-border-radius-bottom-right:0px;--awb-border-radius-bottom-left:0px;--awb-padding-right:0px;--awb-padding-left:0px;--awb-flex-wrap:wrap;\" ><div class=\"fusion-builder-row fusion-row fusion-flex-align-items-flex-start fusion-flex-content-wrap\" style=\"max-width:1331.2px;margin-left: calc(-4% \/ 2 );margin-right: calc(-4% \/ 2 );\"><div class=\"fusion-layout-column fusion_builder_column fusion-builder-column-0 fusion_builder_column_1_1 1_1 fusion-flex-column\" style=\"--awb-bg-size:cover;--awb-width-large:100%;--awb-margin-top-large:0px;--awb-spacing-right-large:1.92%;--awb-margin-bottom-large:20px;--awb-spacing-left-large:1.92%;--awb-width-medium:100%;--awb-order-medium:0;--awb-spacing-right-medium:1.92%;--awb-spacing-left-medium:1.92%;--awb-width-small:100%;--awb-order-small:0;--awb-spacing-right-small:1.92%;--awb-spacing-left-small:1.92%;\"><div class=\"fusion-column-wrapper fusion-column-has-shadow fusion-flex-justify-content-flex-start fusion-content-layout-column\"><div class=\"fusion-text fusion-text-1\"><p>Proyecto de musealizaci\u00f3n, dise\u00f1o y producci\u00f3n.<\/p>\n<p>La Diputaci\u00f3n de Barcelona os invita a conocer con esta muestra algunos de los bienes patrimoniales m\u00e1s representativos del rom\u00e1nico catal\u00e1n. Oliba impuls\u00f3 la construcci\u00f3n y la reforma de castillos, iglesias y monasterios de este estilo. Durante m\u00e1s de cien a\u00f1os, el Servei de Patrimoni Arquitect\u00f2nic Local (SPAL) ha sido el encargado de salvaguardar y restaurar parte de este importante legado.<\/p>\n<\/div><div class=\"fusion-text fusion-text-2\"><p><strong>Cliente:<\/strong> Diputaci\u00f3 de Barcelona<\/p>\n<p><strong>Categor\u00eda:<\/strong> Museograf\u00eda y exposiciones<\/p>\n<\/div><\/div><\/div><\/div><\/div>\n","protected":false},"excerpt":{"rendered":"","protected":false},"author":1,"featured_media":4258,"menu_order":0,"comment_status":"closed","ping_status":"closed","template":"","format":"standard","meta":{"footnotes":""},"portfolio_category":[17],"portfolio_skills":[],"portfolio_tags":[],"class_list":["post-4477","avada_portfolio","type-avada_portfolio","status-publish","format-standard","has-post-thumbnail","hentry","portfolio_category-museografia-y-exposiciones"],"aioseo_notices":[],"_links":{"self":[{"href":"https:\/\/estudiblanc.net\/es\/wp-json\/wp\/v2\/avada_portfolio\/4477","targetHints":{"allow":["GET"]}}],"collection":[{"href":"https:\/\/estudiblanc.net\/es\/wp-json\/wp\/v2\/avada_portfolio"}],"about":[{"href":"https:\/\/estudiblanc.net\/es\/wp-json\/wp\/v2\/types\/avada_portfolio"}],"author":[{"embeddable":true,"href":"https:\/\/estudiblanc.net\/es\/wp-json\/wp\/v2\/users\/1"}],"replies":[{"embeddable":true,"href":"https:\/\/estudiblanc.net\/es\/wp-json\/wp\/v2\/comments?post=4477"}],"version-history":[{"count":1,"href":"https:\/\/estudiblanc.net\/es\/wp-json\/wp\/v2\/avada_portfolio\/4477\/revisions"}],"predecessor-version":[{"id":4478,"href":"https:\/\/estudiblanc.net\/es\/wp-json\/wp\/v2\/avada_portfolio\/4477\/revisions\/4478"}],"wp:featuredmedia":[{"embeddable":true,"href":"https:\/\/estudiblanc.net\/es\/wp-json\/wp\/v2\/media\/4258"}],"wp:attachment":[{"href":"https:\/\/estudiblanc.net\/es\/wp-json\/wp\/v2\/media?parent=4477"}],"wp:term":[{"taxonomy":"portfolio_category","embeddable":true,"href":"https:\/\/estudiblanc.net\/es\/wp-json\/wp\/v2\/portfolio_category?post=4477"},{"taxonomy":"portfolio_skills","embeddable":true,"href":"https:\/\/estudiblanc.net\/es\/wp-json\/wp\/v2\/portfolio_skills?post=4477"},{"taxonomy":"portfolio_tags","embeddable":true,"href":"https:\/\/estudiblanc.net\/es\/wp-json\/wp\/v2\/portfolio_tags?post=4477"}],"curies":[{"name":"wp","href":"https:\/\/api.w.org\/{rel}","templated":true}]}}

El románico del tiempo de Oliba

<div class="fusion-fullwidth fullwidth-box fusion-builder-row-1 fusion-flex-container has-pattern-background has-mask-background nonhundred-percent-fullwidth non-hundred-percent-height-scrolling" style="--awb-border-radius-top-left:0px;--awb-border-radius-top-right:0px;--awb-border-radius-bottom-right:0px;--awb-border-radius-bottom-left:0px;--awb-padding-right:0px;--awb-padding-left:0px;--awb-flex-wrap:wrap;" ><div class="fusion-builder-row fusion-row fusion-flex-align-items-flex-start fusion-flex-content-wrap" style="max-width:1331.2px;margin-left: calc(-4% / 2 );margin-right: calc(-4% / 2 );"><div class="fusion-layout-column fusion_builder_column fusion-builder-column-0 fusion_builder_column_1_1 1_1 fusion-flex-column" style="--awb-bg-size:cover;--awb-width-large:100%;--awb-margin-top-large:0px;--awb-spacing-right-large:1.92%;--awb-margin-bottom-large:20px;--awb-spacing-left-large:1.92%;--awb-width-medium:100%;--awb-order-medium:0;--awb-spacing-right-medium:1.92%;--awb-spacing-left-medium:1.92%;--awb-width-small:100%;--awb-order-small:0;--awb-spacing-right-small:1.92%;--awb-spacing-left-small:1.92%;"><div class="fusion-column-wrapper fusion-column-has-shadow fusion-flex-justify-content-flex-start fusion-content-layout-column"><div class="fusion-text fusion-text-1"><p>Proyecto de musealización, diseño y producción.</p>
<p>La Diputación de Barcelona os invita a conocer con esta muestra algunos de los bienes patrimoniales más representativos del románico catalán. Oliba impulsó la construcción y la reforma de castillos, iglesias y monasterios de este estilo. Durante más de cien años, el Servei de Patrimoni Arquitectònic Local (SPAL) ha sido el encargado de salvaguardar y restaurar parte de este importante legado.</p>
</div><div class="fusion-text fusion-text-2"><p><strong>Cliente:</strong> Diputació de Barcelona</p>
<p><strong>Categoría:</strong> Museografía y exposiciones</p>
</div></div></div></div></div>
