{"id":4493,"date":"2025-02-26T11:57:06","date_gmt":"2025-02-26T10:57:06","guid":{"rendered":"https:\/\/estudiblanc.net\/?post_type=avada_portfolio&#038;p=4493"},"modified":"2025-07-12T08:00:58","modified_gmt":"2025-07-12T06:00:58","slug":"sant-miquel-del-fai","status":"publish","type":"avada_portfolio","link":"https:\/\/estudiblanc.net\/es\/proyecto\/sant-miquel-del-fai\/","title":{"rendered":"Sant Miquel del Fai"},"content":{"rendered":"<div class=\"fusion-fullwidth fullwidth-box fusion-builder-row-1 fusion-flex-container has-pattern-background has-mask-background nonhundred-percent-fullwidth non-hundred-percent-height-scrolling\" style=\"--awb-border-radius-top-left:0px;--awb-border-radius-top-right:0px;--awb-border-radius-bottom-right:0px;--awb-border-radius-bottom-left:0px;--awb-padding-right:0px;--awb-padding-left:0px;--awb-flex-wrap:wrap;\" ><div class=\"fusion-builder-row fusion-row fusion-flex-align-items-flex-start fusion-flex-content-wrap\" style=\"max-width:1331.2px;margin-left: calc(-4% \/ 2 );margin-right: calc(-4% \/ 2 );\"><div class=\"fusion-layout-column fusion_builder_column fusion-builder-column-0 fusion_builder_column_1_1 1_1 fusion-flex-column\" style=\"--awb-bg-size:cover;--awb-width-large:100%;--awb-margin-top-large:0px;--awb-spacing-right-large:1.92%;--awb-margin-bottom-large:20px;--awb-spacing-left-large:1.92%;--awb-width-medium:100%;--awb-order-medium:0;--awb-spacing-right-medium:1.92%;--awb-spacing-left-medium:1.92%;--awb-width-small:100%;--awb-order-small:0;--awb-spacing-right-small:1.92%;--awb-spacing-left-small:1.92%;\"><div class=\"fusion-column-wrapper fusion-column-has-shadow fusion-flex-justify-content-flex-start fusion-content-layout-column\"><div class=\"fusion-text fusion-text-1\"><p>Dise\u00f1o de la identidad corporativa de San Miquel del Fai, espacio natural de los cingles de Bert\u00ed. Conjunto hist\u00f3rico y monumental donde la fuerza del agua ha conformado un paisaje geol\u00f3gico \u00fanico y singular. El espacio recientemente recuperado pertenece en la Red de Parques Naturales de la Diputaci\u00f3n de Barcelona.<\/p>\n<\/div><div class=\"fusion-text fusion-text-2\"><p><strong>Cliente:<\/strong> Diputaci\u00f3 de Barcelona<\/p>\n<p><strong>Categor\u00eda:<\/strong> Dise\u00f1o de marca<\/p>\n<\/div><\/div><\/div><\/div><\/div>\n","protected":false},"excerpt":{"rendered":"","protected":false},"author":1,"featured_media":4351,"menu_order":0,"comment_status":"closed","ping_status":"closed","template":"","format":"standard","meta":{"footnotes":""},"portfolio_category":[16],"portfolio_skills":[],"portfolio_tags":[],"class_list":["post-4493","avada_portfolio","type-avada_portfolio","status-publish","format-standard","has-post-thumbnail","hentry","portfolio_category-diseno-y-comunicacion"],"aioseo_notices":[],"_links":{"self":[{"href":"https:\/\/estudiblanc.net\/es\/wp-json\/wp\/v2\/avada_portfolio\/4493","targetHints":{"allow":["GET"]}}],"collection":[{"href":"https:\/\/estudiblanc.net\/es\/wp-json\/wp\/v2\/avada_portfolio"}],"about":[{"href":"https:\/\/estudiblanc.net\/es\/wp-json\/wp\/v2\/types\/avada_portfolio"}],"author":[{"embeddable":true,"href":"https:\/\/estudiblanc.net\/es\/wp-json\/wp\/v2\/users\/1"}],"replies":[{"embeddable":true,"href":"https:\/\/estudiblanc.net\/es\/wp-json\/wp\/v2\/comments?post=4493"}],"version-history":[{"count":1,"href":"https:\/\/estudiblanc.net\/es\/wp-json\/wp\/v2\/avada_portfolio\/4493\/revisions"}],"predecessor-version":[{"id":4494,"href":"https:\/\/estudiblanc.net\/es\/wp-json\/wp\/v2\/avada_portfolio\/4493\/revisions\/4494"}],"wp:featuredmedia":[{"embeddable":true,"href":"https:\/\/estudiblanc.net\/es\/wp-json\/wp\/v2\/media\/4351"}],"wp:attachment":[{"href":"https:\/\/estudiblanc.net\/es\/wp-json\/wp\/v2\/media?parent=4493"}],"wp:term":[{"taxonomy":"portfolio_category","embeddable":true,"href":"https:\/\/estudiblanc.net\/es\/wp-json\/wp\/v2\/portfolio_category?post=4493"},{"taxonomy":"portfolio_skills","embeddable":true,"href":"https:\/\/estudiblanc.net\/es\/wp-json\/wp\/v2\/portfolio_skills?post=4493"},{"taxonomy":"portfolio_tags","embeddable":true,"href":"https:\/\/estudiblanc.net\/es\/wp-json\/wp\/v2\/portfolio_tags?post=4493"}],"curies":[{"name":"wp","href":"https:\/\/api.w.org\/{rel}","templated":true}]}}

<div class="fusion-fullwidth fullwidth-box fusion-builder-row-1 fusion-flex-container has-pattern-background has-mask-background nonhundred-percent-fullwidth non-hundred-percent-height-scrolling" style="--awb-border-radius-top-left:0px;--awb-border-radius-top-right:0px;--awb-border-radius-bottom-right:0px;--awb-border-radius-bottom-left:0px;--awb-padding-right:0px;--awb-padding-left:0px;--awb-flex-wrap:wrap;" ><div class="fusion-builder-row fusion-row fusion-flex-align-items-flex-start fusion-flex-content-wrap" style="max-width:1331.2px;margin-left: calc(-4% / 2 );margin-right: calc(-4% / 2 );"><div class="fusion-layout-column fusion_builder_column fusion-builder-column-0 fusion_builder_column_1_1 1_1 fusion-flex-column" style="--awb-bg-size:cover;--awb-width-large:100%;--awb-margin-top-large:0px;--awb-spacing-right-large:1.92%;--awb-margin-bottom-large:20px;--awb-spacing-left-large:1.92%;--awb-width-medium:100%;--awb-order-medium:0;--awb-spacing-right-medium:1.92%;--awb-spacing-left-medium:1.92%;--awb-width-small:100%;--awb-order-small:0;--awb-spacing-right-small:1.92%;--awb-spacing-left-small:1.92%;"><div class="fusion-column-wrapper fusion-column-has-shadow fusion-flex-justify-content-flex-start fusion-content-layout-column"><div class="fusion-text fusion-text-1"><p>Diseño de la identidad corporativa de San Miquel del Fai, espacio natural de los cingles de Bertí. Conjunto histórico y monumental donde la fuerza del agua ha conformado un paisaje geológico único y singular. El espacio recientemente recuperado pertenece en la Red de Parques Naturales de la Diputación de Barcelona.</p>
</div><div class="fusion-text fusion-text-2"><p><strong>Cliente:</strong> Diputació de Barcelona</p>
<p><strong>Categoría:</strong> Diseño de marca</p>
</div></div></div></div></div>
