{"id":4608,"date":"2026-02-06T17:37:30","date_gmt":"2026-02-06T16:37:30","guid":{"rendered":"https:\/\/estudiblanc.net\/?post_type=avada_portfolio&#038;p=4608"},"modified":"2026-02-11T20:35:29","modified_gmt":"2026-02-11T19:35:29","slug":"tinta-contra-hitler-mario-armengol-caricaturista-en-la-segunda-guerra-mundial-mnac","status":"publish","type":"avada_portfolio","link":"https:\/\/estudiblanc.net\/es\/proyecto\/tinta-contra-hitler-mario-armengol-caricaturista-en-la-segunda-guerra-mundial-mnac\/","title":{"rendered":"Tinta contra Hitler. Mario Armengol, caricaturista en la Segunda Guerra Mundial (MNAC)."},"content":{"rendered":"<p>La exposici\u00f3n <em>Tinta contra Hitler<\/em> es la presentaci\u00f3n en Barcelona de un artista pr\u00e1cticamente desconocido que trabaj\u00f3 masivamente para la propaganda brit\u00e1nica y de los Aliados durante la Segunda Guerra Mundial.<\/p>\n<p>Del 1941 al 1945, el catal\u00e1n Mario Armengol Torrella dibuj\u00f3 unos dos mil cartoons o caricaturas al servicio del Ministerio de Informaci\u00f3n brit\u00e1nico, contra el Tercer Reich nazi y el Eje. Estas piezas destinadas a ser publicadas en diarios y revistas, tanto brit\u00e1nicas como aliadas o de los diferentes pa\u00edses neutrales, acabar\u00edan en las manos de los lectores de medio mundo, de Nueva Zelanda a Hait\u00ed, pasando por Chile.<\/p>\n<p>El conjunto es un espectacular fresco de la II Guerra Mundial hasta ahora sorprendentemente desconocido. Esta exposici\u00f3n nos interpela sobre los l\u00edmites del humor en contextos dram\u00e1ticos y brutales.<\/p>\n<p><strong>Organiza y produce:<\/strong> Museu Nacional d\u2019Art de Catalunya<\/p>\n","protected":false},"excerpt":{"rendered":"<p>La exposici\u00f3n Tinta contra Hitler es la presentaci\u00f3n en Barcelona  [&#8230;]<\/p>\n","protected":false},"author":2,"featured_media":4554,"menu_order":0,"comment_status":"closed","ping_status":"closed","template":"","format":"standard","meta":{"footnotes":""},"portfolio_category":[17],"portfolio_skills":[],"portfolio_tags":[],"class_list":["post-4608","avada_portfolio","type-avada_portfolio","status-publish","format-standard","has-post-thumbnail","hentry","portfolio_category-museografia-y-exposiciones"],"aioseo_notices":[],"_links":{"self":[{"href":"https:\/\/estudiblanc.net\/es\/wp-json\/wp\/v2\/avada_portfolio\/4608","targetHints":{"allow":["GET"]}}],"collection":[{"href":"https:\/\/estudiblanc.net\/es\/wp-json\/wp\/v2\/avada_portfolio"}],"about":[{"href":"https:\/\/estudiblanc.net\/es\/wp-json\/wp\/v2\/types\/avada_portfolio"}],"author":[{"embeddable":true,"href":"https:\/\/estudiblanc.net\/es\/wp-json\/wp\/v2\/users\/2"}],"replies":[{"embeddable":true,"href":"https:\/\/estudiblanc.net\/es\/wp-json\/wp\/v2\/comments?post=4608"}],"version-history":[{"count":1,"href":"https:\/\/estudiblanc.net\/es\/wp-json\/wp\/v2\/avada_portfolio\/4608\/revisions"}],"predecessor-version":[{"id":4609,"href":"https:\/\/estudiblanc.net\/es\/wp-json\/wp\/v2\/avada_portfolio\/4608\/revisions\/4609"}],"wp:featuredmedia":[{"embeddable":true,"href":"https:\/\/estudiblanc.net\/es\/wp-json\/wp\/v2\/media\/4554"}],"wp:attachment":[{"href":"https:\/\/estudiblanc.net\/es\/wp-json\/wp\/v2\/media?parent=4608"}],"wp:term":[{"taxonomy":"portfolio_category","embeddable":true,"href":"https:\/\/estudiblanc.net\/es\/wp-json\/wp\/v2\/portfolio_category?post=4608"},{"taxonomy":"portfolio_skills","embeddable":true,"href":"https:\/\/estudiblanc.net\/es\/wp-json\/wp\/v2\/portfolio_skills?post=4608"},{"taxonomy":"portfolio_tags","embeddable":true,"href":"https:\/\/estudiblanc.net\/es\/wp-json\/wp\/v2\/portfolio_tags?post=4608"}],"curies":[{"name":"wp","href":"https:\/\/api.w.org\/{rel}","templated":true}]}}

<p>La exposición <em>Tinta contra Hitler</em> es la presentación en Barcelona de un artista prácticamente desconocido que trabajó masivamente para la propaganda británica y de los Aliados durante la Segunda Guerra Mundial.</p>
<p>Del 1941 al 1945, el catalán Mario Armengol Torrella dibujó unos dos mil cartoons o caricaturas al servicio del Ministerio de Información británico, contra el Tercer Reich nazi y el Eje. Estas piezas destinadas a ser publicadas en diarios y revistas, tanto británicas como aliadas o de los diferentes países neutrales, acabarían en las manos de los lectores de medio mundo, de Nueva Zelanda a Haití, pasando por Chile.</p>
<p>El conjunto es un espectacular fresco de la II Guerra Mundial hasta ahora sorprendentemente desconocido. Esta exposición nos interpela sobre los límites del humor en contextos dramáticos y brutales.</p>
<p><strong>Organiza y produce:</strong> Museu Nacional d’Art de Catalunya</p>

<p>La exposición Tinta contra Hitler es la presentación en Barcelona  [&#8230;]</p>
