{"id":4613,"date":"2026-02-06T17:01:12","date_gmt":"2026-02-06T16:01:12","guid":{"rendered":"https:\/\/estudiblanc.net\/?post_type=avada_portfolio&#038;p=4613"},"modified":"2026-02-11T20:41:14","modified_gmt":"2026-02-11T19:41:14","slug":"destellos-de-la-guerra-1914-1918-dibujos-del-museu-nacional-mnac","status":"publish","type":"avada_portfolio","link":"https:\/\/estudiblanc.net\/es\/proyecto\/destellos-de-la-guerra-1914-1918-dibujos-del-museu-nacional-mnac\/","title":{"rendered":"Destellos de la Guerra 1914-1918. Dibujos del Museu Nacional (MNAC)."},"content":{"rendered":"<p>La exposici\u00f3n presenta una selecci\u00f3n de una setentena de dibujos de la colecci\u00f3n del Gabinete de Dibujos y Grabados del <em>Museu Nacional<\/em> y muestra como las vi\u00f1etas y los chistes publicados en las principales revistas catalanas de la \u00e9poca de la Gran Guerra sirvieron para exorcizar los miedos e incertidumbres generadas para el estallido de un conflicto internacional que se encontraba a las puertas de casa.<\/p>\n<p>La muestra permite descubrir los trabajos de veinte artistas, entre los cuales se encuentran Mart\u00ed Bas, Francesc Candel, Josep Costa Ferrer (Picarol), Ricard Opisso, Lluis Elias, Feliu Elias o Jaume Passarell, entre otros.<\/p>\n<p>La exposici\u00f3n contribuye a dar visibilidad a la mejor y m\u00e1s importante colecci\u00f3n p\u00fablica de obras sobre papel del pa\u00eds reuniendo un conjunto de dibujos incomparable, de un gran valor patrimonial y de una gran riqueza art\u00edstica.<\/p>\n<p><strong>Organiza y produce:<\/strong> Museu Nacional d\u2019Art de Catalunya<\/p>\n","protected":false},"excerpt":{"rendered":"<p>La exposici\u00f3n presenta una selecci\u00f3n de una setentena de dibujos  [&#8230;]<\/p>\n","protected":false},"author":2,"featured_media":4545,"menu_order":0,"comment_status":"closed","ping_status":"closed","template":"","format":"standard","meta":{"footnotes":""},"portfolio_category":[17],"portfolio_skills":[],"portfolio_tags":[],"class_list":["post-4613","avada_portfolio","type-avada_portfolio","status-publish","format-standard","has-post-thumbnail","hentry","portfolio_category-museografia-y-exposiciones"],"aioseo_notices":[],"_links":{"self":[{"href":"https:\/\/estudiblanc.net\/es\/wp-json\/wp\/v2\/avada_portfolio\/4613","targetHints":{"allow":["GET"]}}],"collection":[{"href":"https:\/\/estudiblanc.net\/es\/wp-json\/wp\/v2\/avada_portfolio"}],"about":[{"href":"https:\/\/estudiblanc.net\/es\/wp-json\/wp\/v2\/types\/avada_portfolio"}],"author":[{"embeddable":true,"href":"https:\/\/estudiblanc.net\/es\/wp-json\/wp\/v2\/users\/2"}],"replies":[{"embeddable":true,"href":"https:\/\/estudiblanc.net\/es\/wp-json\/wp\/v2\/comments?post=4613"}],"version-history":[{"count":1,"href":"https:\/\/estudiblanc.net\/es\/wp-json\/wp\/v2\/avada_portfolio\/4613\/revisions"}],"predecessor-version":[{"id":4614,"href":"https:\/\/estudiblanc.net\/es\/wp-json\/wp\/v2\/avada_portfolio\/4613\/revisions\/4614"}],"wp:featuredmedia":[{"embeddable":true,"href":"https:\/\/estudiblanc.net\/es\/wp-json\/wp\/v2\/media\/4545"}],"wp:attachment":[{"href":"https:\/\/estudiblanc.net\/es\/wp-json\/wp\/v2\/media?parent=4613"}],"wp:term":[{"taxonomy":"portfolio_category","embeddable":true,"href":"https:\/\/estudiblanc.net\/es\/wp-json\/wp\/v2\/portfolio_category?post=4613"},{"taxonomy":"portfolio_skills","embeddable":true,"href":"https:\/\/estudiblanc.net\/es\/wp-json\/wp\/v2\/portfolio_skills?post=4613"},{"taxonomy":"portfolio_tags","embeddable":true,"href":"https:\/\/estudiblanc.net\/es\/wp-json\/wp\/v2\/portfolio_tags?post=4613"}],"curies":[{"name":"wp","href":"https:\/\/api.w.org\/{rel}","templated":true}]}}

<p>La exposición presenta una selección de una setentena de dibujos de la colección del Gabinete de Dibujos y Grabados del <em>Museu Nacional</em> y muestra como las viñetas y los chistes publicados en las principales revistas catalanas de la época de la Gran Guerra sirvieron para exorcizar los miedos e incertidumbres generadas para el estallido de un conflicto internacional que se encontraba a las puertas de casa.</p>
<p>La muestra permite descubrir los trabajos de veinte artistas, entre los cuales se encuentran Martí Bas, Francesc Candel, Josep Costa Ferrer (Picarol), Ricard Opisso, Lluis Elias, Feliu Elias o Jaume Passarell, entre otros.</p>
<p>La exposición contribuye a dar visibilidad a la mejor y más importante colección pública de obras sobre papel del país reuniendo un conjunto de dibujos incomparable, de un gran valor patrimonial y de una gran riqueza artística.</p>
<p><strong>Organiza y produce:</strong> Museu Nacional d’Art de Catalunya</p>

<p>La exposición presenta una selección de una setentena de dibujos  [&#8230;]</p>
